t g(k) = -82 + 5*k + 2*k**2 - k - 2*k**3 + 81 - 2*k + 0*k. Calculate g(-1).
1
Let l(f) be the second derivative of f**4/12 - 8*f**3/3 + 21*f**2 + 2230*f. Give l(5).
-13
Let u(a) = -17*a - 83. Let h be u(-5). Let k(f) = -12*f**2 - 2 + 6*f**2 + f**h + 0*f**2 + f. Give k(-2).
-24
Let f be (-44)/(-10) - 10/25. Suppose -f*k = t - 1 + 17, -t + 4*k = -16. Let x(c) = -c + 2 - 4 + t + 0. Determine x(-4).
2
Let b(t) be the first derivative of -t**2/2 - 4*t - 1. Let n(w) = 39*w - 186. Let a(g) = 13*g - 62. Let c(x) = 17*a(x) - 6*n(x). Let q be c(5). Calculate b(q).
-1
Let x be ((-2)/(-3))/((-290)/1305). Let u(f) = 4*f + 20. Let l(d) = -1. Let a(q) = -10*l(q) - u(q). Determine a(x).
2
Suppose 2*c - 1 = 7. Let p(x) = 6*x + 7. Let u(s) = -15*s - 20. Let i(l) = -8*p(l) - 3*u(l). Give i(c).
-8
Let a(o) = o**2 - o**3 + 4*o**2 - 2 + 2*o**3 - 7*o. Let c(t) = -69*t**2 + 4*t - 4. Let n be c(1). Let x = -75 - n. Calculate a(x).
4
Let n(t) = -14*t**3 - 10*t**2 - 25*t - 79. Let y(c) = -5*c**3 - 5*c**2 - 8*c - 26. Let k(u) = -4*n(u) + 11*y(u). Determine k(14).
2
Let f(h) = h + 1. Let c be f(0). Let z = 543 - 539. Suppose 13 - c = z*t. Let w(d) = -d**3 + 4*d**2 - d - 1. Determine w(t).
5
Suppose 3*t = 5*h + 6*t - 37, 5*t = h - 13. Let z(m) = -8 + h*m**2 + 12*m + 9 - m**3 - 6. Calculate z(9).
22
Let r(l) = l**3 + 0*l**3 + 18*l**2 - 102394*l - 3 + 102474*l. Let z be r(-9). Let d(o) = -o - 4. Determine d(z).
-10
Let v = -1999 + 2004. Let k(f) = f**3 - 4*f**2 - 10*f - 1. Give k(v).
-26
Let v = 14576 - 14579. Let x(u) = -3*u**2 + 4*u + 22. Determine x(v).
-17
Let d be (-2)/3 - 616/12. Let g = -39 - d. Suppose r - 16 = -g. Let l(t) = 3*t - 1. Give l(r).
8
Let j be (-83 - -83)/((-2)/(-2)). Let a(k) = k**3 - 2*k - 6. Determine a(j).
-6
Suppose b - 9 = h, -7*h + 3*h = 5*b - 72. Let g be 8/(-20)*(3 - 66/b). Let l(i) = -3*i - 2. Give l(g).
-5
Let d be (-94)/8 + 1/(-4). Let g be (20/d)/((-4)/12). Let q(b) be the third derivative of -b**4/24 - 7*b**3/6 + 101*b**2. What is q(g)?
-12
Let b be (-10)/3 + 2/(-3). Let l(h) = h + 18. Let j(d) be the third derivative of -5*d**3/3 - 88*d**2. Let z(g) = 7*j(g) + 4*l(g). Calculate z(b).
-14
Let w(t) be the third derivative of t**6/120 - t**5/20 - t**4/24 - t**3/3 - 3*t**2. Let f = -217 - -218. Let u(m) = 3*m**2. Let c be u(f). Give w(c).
-5
Let o be ((-97)/2)/((-54)/(-90)*(-5)/(-6)). Suppose -219 = 2*u + 4*b - 23, u - 4*b = -92. Let f = o - u. Let y(s) = s**3 + s**2. What is y(f)?
0
Let j(r) be the third derivative of -r**4/8 - 5*r**3 - 7*r**2. Let c be j(-6). Let b be ((-6)/8)/(3/c). Let t(p) = -2*p**2 + 2*p + 4. What is t(b)?
-8
Suppose -3*a = -32 + 29. Let i(c) = -c**2 - c - 1. Let t(y) = -4*y**2 - 2*y - 6. Let k(h) = a*t(h) - 3*i(h). What is k(3)?
-9
Suppose -9*l = -2*l - 14. Let t(w) = l*w + 109 - 112 + w - 4*w. Determine t(5).
-8
Let r(w) = -w**3 - 4*w**2 - 3*w - 6. Suppose 0 = -4*b + 12*b - 24. Suppose -4*t + 24 = -b*j, 4*t - 16 = 8*j - 7*j. Calculate r(j).
6
Let m(o) = 14*o. Let w be ((-6)/4)/(6/(-12)). Let p(d) = -6 + w - d**3 + 3*d + 2*d**2 + 4. Let l be p(3). Give m(l).
14
Suppose 25*z - 48*z - 154*z + 4248 = 0. Let d(a) = a**3 - 23*a**2 - 27*a + 59. What is d(z)?
-13
Let d(f) = f**2 + 9*f + 13. Let o be (-1 - (3 - 0))/1 - -2. Calculate d(o).
-1
Let t(f) = -10*f + 306. Suppose -13384 = -423*n - 179*n + 124*n. Give t(n).
26
Let b be (-2778)/(-14) + (-72)/168. Suppose -6*a + 210 = b. Let w(h) = -h**2 - 3*h + 1. Give w(a).
-9
Let f = 166 - 160. Let h(z) = f*z - 1141 + 1141. Determine h(2).
12
Let l(t) = t**3 + 6*t**2 - 7*t - 1. Let d be 8 + -3 + 1 + 7. Suppose 0 = 2*o + v + 17, 18*o + 3*v = d*o - 44. Determine l(o).
-1
Let f(d) = -11*d + 652*d**2 + 649*d**2 - 6 - 1284*d**2 + 2*d**3. Let v be f(-9). Let l(p) = -p**2 + 12*p - 5. What is l(v)?
-5
Let j(m) = m + 84*m**2 - 12 - 257*m**2 + 90*m**2 - 12 + 85*m**2. Give j(5).
31
Let a be (29 - -1) + -4 + -2. Suppose -2*q - 2*s = 10 - a, -3*s = q + 1. Let u(n) = -n**2 + 10*n + 12. What is u(q)?
1
Let o(h) be the first derivative of -h**4/4 + 5*h**3/3 + 3*h**2 - 4*h + 1. Suppose 79*r - 16*r = 26*r + 69 + 153. Give o(r).
-4
Let n(z) be the first derivative of z**2 + 71*z - 4232. What is n(-39)?
-7
Let f(w) be the third derivative of w**6/120 - w**5/5 - 5*w**4/4 + 223*w**3/6 - w**2 - 5745. Give f(13).
2
Let b(o) = 99*o - 72. Let s(i) = -5*i + 5. Let y(x) = -b(x) - 15*s(x). Calculate y(0).
-3
Let y(a) = a**3 + 39*a**2 - 18*a - 11. Let c(v) = 5*v**2 + v. Let f(w) = -6*c(w) + y(w). Give f(-11).
11
Let k(o) = -o**2 - 7*o. Suppose 8*d = 4*d. Suppose d = 4*a - 28. Let b(l) = 3*l - 29. Let f be b(a). Give k(f).
-8
Let t = -5 - -7. Suppose 3*a = 1532*b - 1528*b + 10, -b + 3*a - 16 = 0. Let p(r) = -r**t + 0 + b + 3*r**2 - 3. Calculate p(-2).
7
Let r(m) = -40*m**2 + 350*m - 36*m**2 - m**3 - 347*m + 58*m**2 + 40. What is r(-18)?
-14
Let n(s) = -s - 6. Let z(t) = 1 - 27*t + 2*t**2 + 12*t + 81*t**3 + 6*t + 7*t. Let b be z(1). Suppose 10*l + b = 12. Calculate n(l).
1
Let f(z) = -3 - z + 2 + 3. Let n(c) = -c - 1. Let o(j) = f(j) - 2*n(j). Suppose -20*i + 172*i = -912. Calculate o(i).
-2
Let a(j) = 21*j**2 - 16*j**3 + 7*j**3 - j - 23*j**2 + 2*j. Let v be ((-2)/(-3))/((-4)/(-6)). Calculate a(v).
-10
Suppose -2*f = -4*k + 14, 0 = -0*f - 2*f - 5*k + 22. Let z be (1 - -2)/(f*3) - 37. Let h = z - -36. Let u(p) = -p**3 + p + 3. Determine u(h).
3
Let a(t) = -6*t**3 + 2*t**2 - 4*t + 3. Let y = -5052 + 5053. Give a(y).
-5
Let s be (-120)/480 - ((-117)/(-26))/(-5 + -1). Let t(a) be the first derivative of -s*a**2 - 12*a - 26. What is t(-5)?
-7
Suppose 16*k - 15*k = 2, -5*h + 7 = k. Let w(g) = -34*g - 1. Calculate w(h).
-35
Let k(n) = 5*n**2 - n + 9. Let w = 21 + -34. Let a = -26 - w. Let y(u) = -11*u**2 + 2*u - 19. Let i(l) = a*k(l) - 6*y(l). What is i(-4)?
9
Let j(a) = 130*a - 3. Let w(q) = -321*q + 8. Let g(o) = -12*j(o) - 5*w(o). Determine g(1).
41
Let z(o) = o**3 - 42*o**2 - 293*o - 20. Let i be z(-6). Let d(p) = -5*p - 20. Determine d(i).
-70
Let o(b) be the second derivative of b**4/12 + 5*b**3/3 + 73*b**2 + 148*b. Let c(a) be the first derivative of o(a). What is c(-8)?
-6
Let x(y) = -8*y**2 + 32*y + 40. Let b(d) = -2*d**2 + 2. Let k(g) = 5*b(g) - x(g). Determine k(-15).
0
Let h(l) be the third derivative of l**4/3 - 185*l**3/6 + 5750*l**2. Calculate h(24).
7
Suppose -4*n = -134*v + 130*v + 12, n = 3*v - 1. Let i(l) = 19*l**2 + 8*l. Give i(v).
11
Let v be (-4 - -2)/12 - 769/(-6). Let o(x) = 68*x + 59*x + 1 - v*x. What is o(5)?
-4
Suppose 2*h + 3460 = 12*h. Let q(d) = d - 348 + 5*d - 7*d + h. What is q(4)?
-6
Let m(c) = -25*c + 548. Let f(p) = -11*p + 274. Let t(g) = 5*f(g) - 2*m(g). Let v be t(52). Let d(l) = l - 23. What is d(v)?
-9
Let i(v) = -58 - 4*v + 9 + 41 - 3*v. Give i(-2).
6
Let s(o) = -3839 + 65*o + 3815 - 72*o. Calculate s(-11).
53
Suppose 784 = 59*p - 115*p. Let o(n) = n**3 + 15*n**2 + 24*n + 137. Give o(p).
-3
Suppose 404*a - 6760 + 296 = 0. Let y(n) = n**3 - 19*n**2 + 47*n + 14. Give y(a).
-2
Let z(k) = -1333 + 4017 - 1337 - 1332 + k. Calculate z(-2).
13
Let b(a) be the first derivative of a**3 + 2*a**2 - 15*a + 4095. What is b(2)?
5
Let w(p) be the third derivative of -p**6/20 + p**5/30 - p**4/12 + p**3/6 + 196*p**2 - 27*p - 2. Let s = -3 + 4. Suppose 2*f - 3 = -s. Calculate w(f).
-5
Let g(i) = 3*i**2 + 17*i - 127. Let n(y) = 4*y**2 + 27*y - 192. Let j(v) = 7*g(v) - 5*n(v). Calculate j(8).
7
Let k(p) = -6*p + 2 + 5*p + 2*p. Let r be (-19 - -24)/((-3)/(-3)). Let u be (r/(-10))/(3/18) + 5. Give k(u).
4
Let l(b) = -81*b**2 - 21*b + 21. Let t(i) = 1 - 3 + 2*i + i**2 + 7*i**2. Let h(d) = 2*l(d) + 21*t(d). Let f(k) = 3*k**2 + 24*k - 59. Let j be f(-10). Give h(j).
6
Let w = -8 + 11. Suppose 30 = -w*u - 2*u. Let l(q) = q**3 - 1952*q**2 + 650*q**2 + 8*q + 657*q**2 + 652*q**2. Calculate l(u).
-12
Let g = 16 + -8. Let m(z) = 2*z + g - 4*z**2 + 0*z + 3*z**2 + z. Let c(o) = -2*o**3 - 41*o**2 - 23*o - 54. Let d be c(-20). Determine m(d).
-10
Let w(v) be the second derivative of -115 - 4/3*v**3 - 1/12*v**4 + 2*v - 9/2*v**2. Determine w(-8).
-9
Let w be (-262902)/22418 - (8/(-11) - -1). Let b(n) = -n**3 - 12*n**2 + 3*n + 25. What is b(w)?
-11
Let y(r) = -r**3 + 6*r**2 - r - 2. Let l be -2 - (-3 + 1 + -2). Suppose 0 = 4*g - 3*k - l - 10, -g + k + 2 = 0. What is y(g)?
-8
Let d(x) be the third derivative of -36*x